t w(a) = -744*a**3 - 1440*a**2 + 97*a + 3. What is w(-2)?
1
Let u(j) = 433*j**2 - 761*j - 21. Calculate u(4).
3863
Let n(p) = -3*p**2 + 8205*p - 40936. Calculate n(5).
14
Let g(s) = 542*s**2 + 1277*s - 1276. What is g(1)?
543
Let g(x) = 4560*x + 68398. Determine g(-15).
-2
Let s(f) = 2*f**2 + 17403*f + 156462. Determine s(-9).
-3
Let g(v) = 29*v**2 - 143*v + 10. Determine g(7).
430
Let j(p) = 11*p**2 - 2022*p + 1659. Give j(183).
12
Let g(i) = -i**3 + 299*i**2 + 5763*i + 1020. Determine g(-18).
-6
Let x(g) = -83860*g - 475. Give x(0).
-475
Let k(s) = s**3 - 42*s**2 + 370*s - 413. Determine k(11).
-94
Let m(n) = n**3 - 497*n**2 - 15805*n - 2623. What is m(527)?
12
Let p(c) = -9*c**3 - 2*c**2 - 1765*c + 3545. What is p(2)?
-65
Let u(f) = -4*f**2 - 2710*f + 16222. Give u(6).
-182
Let q(g) = -3*g**3 - 133*g**2 - 1221*g + 70. What is q(-31)?
-519
Let o(i) = 30*i**2 - 2263*i - 11362. What is o(-5)?
703
Let r(z) = -33*z**2 + 382*z + 11. Give r(-1).
-404
Let k(m) = -6*m**2 + 3389*m + 59350. Determine k(-17).
3
Let j(l) = l**3 + 155*l**2 + 222*l + 10487. Determine j(-154).
15
Let b(k) = 19499*k - 253479. Give b(13).
8
Let j(d) = -73658*d + 515633. What is j(7)?
27
Let u(r) = 12*r**2 + 3798*r + 72818. What is u(-296)?
2
Let k(i) = -i**3 + 39*i**2 - 173*i + 153. What is k(4)?
21
Let o(r) = -1248*r - 63581. Give o(-51).
67
Let r(c) = -1122*c**3 + 3*c**2 - 279*c + 277. What is r(1)?
-1121
Let o(h) = -6*h**2 - 1021*h - 6774. Determine o(-7).
79
Let c(k) = 5083*k**2 - 25405*k - 46. What is c(5)?
4
Let h(f) = -480993*f + 1442961. Give h(3).
-18
Let a(t) = 780*t - 43801. What is a(56)?
-121
Let g(k) = -k**2 - 14*k + 9344. Calculate g(-99).
929
Let d(u) = -127*u**2 + 6635*u - 86494. Determine d(25).
6
Let h(d) = 6431*d - 2340798. Give h(364).
86
Let y(s) = 5278*s + 17007. What is y(-3)?
1173
Let c(g) = 83*g**2 + 1102*g + 7760. Calculate c(-7).
4113
Let a(m) = m**2 + 128*m + 1890. Determine a(-53).
-2085
Let t(v) = v**3 + 174*v**2 + 3611*v + 1735. Determine t(-150).
85
Let a(u) = -406947*u + 8545877. What is a(21)?
-10
Let m(r) = -9*r**2 - 82*r - 192. Calculate m(-2).
-64
Let o(w) = w**2 - 154*w + 3169. Give o(89).
-2616
Let v(q) = 9*q**2 + 508*q + 3277. What is v(-49)?
-6
Let i(s) = -1344*s - 37468. Give i(-27).
-1180
Let r(h) = -h**3 + 21*h**2 + 237*h - 4188. Give r(23).
205
Let x(k) = 9*k**2 + 1739*k + 30151. Give x(-174).
49
Let g(m) = -2*m**2 + 40194*m + 201054. What is g(-5)?
34
Let t(h) = -373*h + 2332. What is t(-2)?
3078
Let o(d) = -d**3 - 34*d**2 - 24*d - 102. What is o(-34)?
714
Let b(s) = -s**2 - 2841*s - 554977. Calculate b(-211).
-47
Let o(p) = 11*p**3 - 12*p**2 - 23*p - 28. What is o(-3)?
-364
Let l(v) = -5*v**2 + 335*v + 12562. Determine l(-27).
-128
Let q(z) = 591*z + 10350. What is q(-18)?
-288
Let u(w) = 2*w**3 - 299*w**2 + 7173*w - 203. Determine u(30).
-113
Let h(b) = -2232*b**2 + 6875*b - 2. What is h(3)?
535
Let k(d) = -72*d**2 + 1755*d - 68. Calculate k(22).
3694
Let s(l) = -6*l**3 + 32*l**2 + 16*l - 16. Give s(-1).
6
Let p(g) = 1166*g + 39639. What is p(-34)?
-5
Let i(y) = -6*y**3 + 116*y**2 - 7*y - 226. Give i(19).
363
Let v(p) = -17258*p + 1725879. What is v(100)?
79
Let t(d) = 184363*d - 553111. Determine t(3).
-22
Let z(v) = -v**3 - 112*v**2 + 94*v - 2229. Determine z(-113).
-82
Let w(n) = 254*n**2 + 4*n - 9. Calculate w(-3).
2265
Let w(k) = 2859*k + 11936. Determine w(-4).
500
Let j(d) = -12*d**3 + 14*d**2 - 51*d + 122. Give j(3).
-229
Let r(i) = 4*i**2 - 18373*i + 146723. Give r(8).
-5
Let w(z) = -76*z**2 - 28*z + 11. Calculate w(-2).
-237
Let u(z) = z**3 + 69*z**2 + 438*z - 94. Give u(-62).
-342
Let n(z) = z**2 - 29*z - 14956. What is n(139)?
334
Let d(i) = -2070100*i - 18630910. Calculate d(-9).
-10
Let l(y) = 2*y**2 - 296*y + 10632. Determine l(90).
192
Let b(a) = -11*a**3 + 171*a**2 - 247*a - 1528. Determine b(13).
-7
Let o(w) = 6*w**2 - 10*w + 9. What is o(19)?
1985
Let b(j) = -j**3 + 41*j**2 + 65*j - 710. Determine b(45).
-5885
Let i(b) = 34*b**2 - 398*b + 21. What is i(2)?
-639
Let m(n) = -831362*n - 3325450. Give m(-4).
-2
Let d(s) = -13*s**2 + 127*s + 498. Determine d(13).
-48
Let t(j) = 2439*j - 19522. Determine t(8).
-10
Let l(i) = -62*i**2 - 99*i - 114. What is l(-5)?
-1169
Let k(d) = -70*d**2 + 1687*d - 9974. Calculate k(6).
-2372
Let m(l) = l**3 + 2*l**2 - 44*l + 56. Determine m(-13).
-1231
Let f(t) = -36*t**2 - 223*t + 1259. Give f(-10).
-111
Let z(t) = 90*t**2 + 58*t - 34. Calculate z(-6).
2858
Let o(w) = -2*w**2 - 2028*w - 394091. Give o(-752).
-43
Let a(s) = -s**3 - 79*s**2 + 108*s - 4515. What is a(-81)?
-141
Let g(t) = 99*t - 5311. Determine g(60).
629
Let h(y) = -2*y**3 - 88*y**2 - 263*y - 186. Determine h(-2).
4
Let k(y) = 4525*y - 27072. Determine k(6).
78
Let g(u) = 598*u**2 - 2431*u + 48. What is g(4)?
-108
Let r(n) = 9817*n - 136416. Give r(14).
1022
Let d(c) = -17*c**2 - 911*c + 13949. Calculate d(15).
-3541
Let x(s) = s**3 + 107*s**2 - 278*s - 17019. Calculate x(-12).
-3
Let h(i) = -29*i**2 - 2865*i - 5040. Calculate h(-97).
4
Let k(j) = -j**3 - 131*j**2 - 203*j + 6870. What is k(-129)?
-225
Let t(a) = -215*a**2 - 54396*a - 240. What is t(-253)?
13
Let q(n) = 121*n**2 + 38479*n + 225. Calculate q(-318).
-93
Let g(h) = -319*h - 129534. Determine g(-406).
-20
Let i(p) = -p**2 + 259*p - 13898. What is i(75)?
-98
Let t(d) = 52*d**3 + 380*d**2 + 145*d + 418. What is t(-7)?
187
Let z(w) = -3*w**2 - 6755*w - 60541. Determine z(-9).
11
Let k(n) = 83800*n - 167601. Determine k(2).
-1
Let q(y) = 73597*y - 441355. Calculate q(6).
227
Let u(r) = -r**3 - 25*r**2 - 158*r - 194. Give u(-8).
-18
Let l(c) = -c**3 + 255*c**2 - 512*c + 1518. Give l(253).
0
Let f(s) = -s**3 + 17*s**2 + 210*s - 3214. Determine f(19).
54
Let x(q) = -18*q**2 + 183*q - 50. What is x(-15)?
-6845
Let s(l) = l**3 + 550*l**2 + 3248*l - 8705. Give s(-544).
-1
Let y(t) = -7386*t + 95973. Give y(13).
-45
Let k(o) = 6*o**3 + 94*o**2 + 52*o + 1352. Calculate k(-16).
8
Let j(y) = -51627*y - 155076. Determine j(-3).
-195
Let n(z) = -z**2 - 1340*z - 10651. What is n(-8)?
5
Let j(l) = -5*l**2 - 192*l - 1983. Calculate j(-18).
-147
Let w(u) = -94*u + 21224. What is w(217)?
826
Let h(c) = c**3 + 189*c**2 + 380*c + 1035. Calculate h(-187).
-87
Let p(z) = z**2 + 31*z - 867. Calculate p(-29).
-925
Let k(u) = 99*u**2 - 1126*u - 3368. What is k(-3)?
901
Let o(y) = y**3 - 79*y**2 - 235*y + 24449. Determine o(78).
35
Let p(v) = -2*v**3 + 60*v**2 - 85*v - 123. Determine p(28).
633
Let n(o) = o**2 - 343*o - 67613. What is n(-140)?
7
Let q(r) = r**3 + 403*r**2 + 2438*r + 1148175. Give q(-404).
7
Let y(l) = -2*l**3 + 477*l**2 - 7325*l - 209. Determine y(222).
13
Let m(a) = 1956*a + 27611. Give m(-15).
-1729
Let a(l) = 24*l**2 - 171*l - 109. What is a(9)?
296
Let h(k) = -1127*k - 84560. Determine h(-75).
-35
Let f(y) = 3*y**2 + 254*y + 2906. Calculate f(-70).
-174
Let y(l) = -18893*l + 6329158. What is y(335)?
3
Let u(z) = -3*z**3 + 363*z**2 - 4*z + 179. What is u(121)?
-305
Let b(u) = 4*u**2 - 3683*u + 177588. Calculate b(51).
159
Let x(h) = -32*h**2 - 439*h + 372. Give x(-15).
-243
Let n(j) = 220*j + 18181. Determine n(-90).
-1619
Let x(m) = -3831*m - 9238. Determine x(-3).
2255
Let h(q) = -1985*q + 932949. Give h(470).
-1
Let n(k) = -k**3 + 31*k**2 - 3041*k + 102526. Calculate n(33).
-5
Let x(j) = 1022*j - 227026. What is x(222)?
-142
Let v(p) = 348*p + 49. Determine v(1).
397
Let n(l) = -81*l**2 - 1293*l - 5155. Give n(-4).
-1279
Let a(q) = -2589*q**2 - 33660*q - 24. Calculate a(-13).
15
Let r(a) = -34*a**2 + 129*a - 24. What is r(8)?
-1168
Let p(w) = -5950*w - 77275. Determine p(-13).
75
Let y(q) = 2*q**3 + 3*q**2 + 93. Calculate y(5).
418
Let x(n) = n**2 - n - 6963. Calculate x(85).
177
Let l(p) = 3*p**2 - 2924*p - 1296528. Give l(-331).
-1
Let i(u) = 3398*u - 61574. Calculate i(17).
-3808
Let x(n) = -2*n**3 + 235*n**2 + 1372*n - 2212. What is x(123)?
125
Let p(l) = -22*l**2 + 2948*l + 2955. Calculate p(135).
-15
Let p(y) = -8*y**3 + y**2 + 1901*y - 13191. Calculate p(7).
-2579
Let f(v) = 1256*v + 127800. Give f(-101).
944
Let i(j) = -536*j**2 + 3722*j + 156. Determine i(7).
-54
Let a(d) = -375*d - 278. Determine a(-1).
97
Let y(f) = 15*f**2 + 240*f - 26. Give y(-16).
-26
Let m(u) = u**3 - 340*u**2 + 9978*u - 37578. Calculate m(308).
-2
Let w(i) = i**2 + 1384*